t common factor of 4255 and 282612845?
4255
Calculate the greatest common divisor of 590640 and 1309965.
345
What is the highest common factor of 342 and 371826?
18
Calculate the highest common divisor of 12164946 and 10496.
82
Calculate the highest common factor of 18 and 8124972.
6
What is the highest common factor of 6434652 and 9408?
84
What is the greatest common divisor of 9085 and 3885045?
115
What is the highest common factor of 55 and 13624457?
11
What is the greatest common factor of 7176924 and 2448?
612
What is the greatest common factor of 17152721 and 3140?
157
What is the greatest common divisor of 20792344 and 8?
8
Calculate the greatest common divisor of 54259400 and 58535.
2545
What is the highest common factor of 38 and 1244775082?
38
What is the greatest common factor of 778475 and 7?
1
What is the highest common divisor of 438680 and 4040?
40
Calculate the greatest common factor of 70 and 39993170.
70
What is the greatest common divisor of 22 and 21846914?
2
Calculate the greatest common divisor of 65277849 and 2205.
147
What is the highest common factor of 2088 and 84688236?
1044
Calculate the highest common divisor of 17966228 and 14.
14
Calculate the greatest common divisor of 5865 and 5946926.
23
Calculate the greatest common factor of 18495 and 434685.
15
Calculate the greatest common divisor of 289 and 2841.
1
What is the highest common divisor of 1166340 and 8260?
140
What is the highest common divisor of 697781648 and 16?
16
What is the greatest common divisor of 33260278 and 1945?
389
What is the highest common divisor of 23805287 and 23936?
187
Calculate the greatest common factor of 19430 and 18894.
134
What is the greatest common divisor of 377309630 and 32460?
5410
What is the highest common divisor of 21175 and 709800?
175
Calculate the highest common divisor of 6 and 959700.
6
Calculate the greatest common factor of 419146 and 65800.
658
What is the greatest common divisor of 6690 and 2050020?
30
What is the highest common divisor of 3766 and 168518?
14
What is the greatest common divisor of 2475 and 23281335?
495
What is the highest common divisor of 24 and 97982028?
12
Calculate the highest common factor of 36371411 and 7295.
1459
Calculate the highest common factor of 7174374 and 3774.
3774
What is the greatest common factor of 15997265 and 10?
5
Calculate the highest common factor of 80 and 458132440.
40
What is the greatest common factor of 28968 and 11441?
17
Calculate the highest common divisor of 839993 and 23485.
77
What is the greatest common factor of 474624 and 12377088?
4608
Calculate the greatest common divisor of 19166 and 98294126.
518
What is the highest common divisor of 816024 and 42150?
1686
Calculate the greatest common factor of 622453 and 533.
13
Calculate the highest common factor of 729 and 91947339.
27
What is the highest common divisor of 21044755 and 4615?
355
What is the highest common factor of 6804 and 73031220?
972
What is the greatest common factor of 18 and 564738?
6
What is the highest common divisor of 11628 and 862733?
323
What is the highest common factor of 16113 and 321153?
123
What is the highest common divisor of 261 and 141498801?
261
Calculate the greatest common divisor of 5146 and 1951662.
166
Calculate the highest common factor of 166794103 and 133.
133
Calculate the highest common factor of 60280925 and 50.
25
Calculate the highest common divisor of 70027501 and 22959.
2551
Calculate the highest common factor of 100463204 and 8.
4
Calculate the greatest common factor of 2274 and 40230.
6
Calculate the highest common factor of 202492 and 294004.
124
Calculate the greatest common factor of 50 and 445737.
1
Calculate the greatest common divisor of 794733 and 219.
3
What is the highest common factor of 1425985 and 102245?
605
Calculate the highest common divisor of 945813595 and 215.
215
What is the greatest common divisor of 168 and 21003332?
28
Calculate the greatest common factor of 20047287 and 1014.
507
What is the highest common divisor of 67672 and 24728?
88
Calculate the greatest common factor of 219513996 and 84.
12
Calculate the greatest common divisor of 1734 and 52294346.
34
Calculate the greatest common divisor of 182952302 and 54746.
1766
What is the greatest common divisor of 720406 and 713?
23
What is the highest common factor of 197341062 and 564?
282
Calculate the greatest common factor of 16852 and 27176148.
1532
Calculate the greatest common factor of 36576991 and 1298.
649
Calculate the greatest common factor of 985171 and 20603.
11
Calculate the highest common factor of 49250 and 69586310.
1970
Calculate the highest common factor of 532 and 9198204.
76
What is the greatest common factor of 583 and 6793540?
53
Calculate the highest common factor of 101269 and 661871.
161
Calculate the greatest common factor of 18678135 and 70.
35
Calculate the greatest common divisor of 8783730 and 84150.
1530
Calculate the highest common factor of 99 and 3934989.
9
Calculate the highest common factor of 73084 and 2057.
121
What is the highest common divisor of 588 and 6941364?
12
What is the greatest common factor of 80420 and 14120?
20
Calculate the highest common factor of 501807 and 51.
3
Calculate the highest common factor of 552774 and 54.
6
Calculate the greatest common factor of 9 and 347358186.
9
What is the greatest common divisor of 34290 and 468990?
270
What is the highest common factor of 4191 and 96005904?
381
Calculate the highest common divisor of 39906085 and 1060.
265
Calculate the highest common divisor of 16522272 and 16224.
1248
Calculate the highest common factor of 351 and 6831903.
39
Calculate the greatest common factor of 10529488 and 16318.
398
What is the highest common factor of 12427452 and 276?
276
Calculate the greatest common factor of 41820654 and 18074.
2582
What is the highest common factor of 99 and 12759912?
99
Calculate the highest common divisor of 4752 and 11326821.
33
Calculate the greatest common factor of 30998336 and 3776.
64
Calculate the highest common divisor of 97882 and 737494.
218
What is the highest common divisor of 7316 and 36921?
31
What is the greatest common divisor of 204737720 and 128?
8
Calculate the highest common factor of 511406 and 7574.
14
What is the greatest common divisor of 146655 and 46890?
45
What is the highest common factor of 10510470 and 63162?
522
What is the highest common divisor of 13669103 and 21?
7
What is the highest common divisor of 5687 and 1045077?
121
Calculate the greatest common divisor of 263493180 and 620.
620
Calculate the greatest common divisor of 2028194 and 70.
14
What is the highest common factor of 67 and 908579429?
67
What is the highest common divisor of 4585 and 524941235?
4585
What is the greatest common factor of 32 and 33973564?
4
What is the highest common factor of 10220624 and 64?
16
What is the highest common divisor of 1654 and 19992725?
827
Calculate the greatest common factor of 4702136 and 9288.
344
Calculate the highest common divisor of 1394277 and 1464.
183
Calculate the greatest common divisor of 245634180 and 90.
30
What is the greatest common divisor of 3045431 and 153?
17
Calculate the greatest common divisor of 1025291 and 16546537.
2677
What is the highest common factor of 8602 and 740554?
782
What is the greatest common divisor of 160138080 and 540?
540
Calculate the greatest common divisor of 665 and 6963803.
7
What is the highest common divisor of 24572210 and 780?
130
Calculate the greatest common divisor of 1165220 and 70760.
580
What is the highest common divisor of 38613 and 761463?
183
What is the highest common divisor of 85943301 and 25236?
2103
Calculate the highest common factor of 92 and 61529876.
92
What is the greatest common factor of 6968 and 293449?
13
What is the highest common divisor of 577652328 and 990?
198
What is the greatest common factor of 280895 and 80?
5
Calculate the greatest common factor of 2075517 and 108.
27
What is the greatest common factor of 128618588 and 16688?
4172
Calculate the greatest common divisor of 2486112 and 33744.
912
What is the greatest common factor of 8840 and 14517464?
104
What is the highest common factor of 56763 and 12124863?
477
Calculate the greatest common divisor of 147662 and